= m - -48. Is 8 a factor of d?
False
Suppose -a - 5 = -35. Suppose 0 = -3*q - 2*q + a. Does 17 divide 136/q*3/2?
True
Suppose 4*v + 0*s - 17 = -s, 5*v - s - 19 = 0. Suppose 0 = -2*g + 2*d + 14, -4*g + v*d + d = -27. Is g a multiple of 3?
False
Suppose -6 = -j - 3*u, 3*j + 28 - 101 = 2*u. Let k = 32 - j. Suppose -k = -4*n + 5. Is n a multiple of 4?
True
Is 11 a factor of (-21)/28 + 151/4?
False
Suppose 2*m + 0*u = -2*u + 12, 8 = 2*m + u. Suppose -4*g + 212 = -4*z, -65 = -2*g - m*z + 37. Does 20 divide g?
False
Is 6 a factor of -5 + 9 - (0 + -8)?
True
Suppose -y + 43 = 3*r + y, -4*r = -y - 50. Let p = r - 49. Let q = 70 + p. Is q a multiple of 12?
False
Suppose 6*d - d = -3*h + 160, -3*h = -3*d - 144. Is 10 a factor of h?
True
Suppose 8*p - 3*p = 850. Suppose -i + 155 = 2*f, f + f = 2*i + p. Does 20 divide f?
True
Let a(p) = -p**3 - 3*p + 13. Let n(k) = k**3 + k**2 + 3*k - 12. Let x(c) = -6*a(c) - 7*n(c). Does 17 divide x(-7)?
False
Suppose -3*g + s - 280 = -6*g, -2*g = -4*s - 168. Let a = g - 138. Let n = a + 86. Is 20 a factor of n?
True
Let w be 2/3*81/2. Suppose w = g - 5*p, -g + p + 11 = -0*p. Does 2 divide g?
False
Is 6 a factor of ((-10)/3)/(7/(-21))?
False
Suppose -120 = 5*m - 320. Does 8 divide m?
True
Let z(c) = -c**3 - 2*c**2 + c + 6. Does 3 divide z(-3)?
True
Let g(h) = h + 1. Let s(z) = 22*z**3 + z + 3. Let d(c) = -2*g(c) + s(c). Does 22 divide d(1)?
True
Suppose -r + 12 - 8 = 0. Suppose 24 = 5*o - r*o - 2*g, -2*o - g = -38. Is 5 a factor of o?
True
Does 16 divide 816/(-6)*(-3)/6?
False
Suppose -h = 19 - 1. Does 2 divide 4/h + 228/54?
True
Let p be 255/20 - (-1)/4. Suppose 0 = -3*j - 3*o + 24, 2*o - p = -4*j + 13. Is 3 a factor of j?
False
Suppose 0 = -5*i, 4*m - 4*i - 139 - 101 = 0. Suppose 0 = -20*a + 16*a + m. Does 15 divide a?
True
Let j be 1/2 - (-222)/(-12). Let t = j - -38. Is 13 a factor of t?
False
Let j(g) = g**3 + 8*g**2 - 11*g + 12. Is 15 a factor of j(-9)?
True
Let b(u) = -u - u + u + 0. Let x be b(6). Is (-40)/3*9/x a multiple of 12?
False
Let l be (0 - 36)*8/(-6). Suppose -4*j + 2*o + 44 = 0, 0 = 2*j + 2*j - 4*o - l. Is j a multiple of 5?
True
Suppose z = 6*z - 65. Is 4 a factor of z?
False
Let z(n) = -70*n - 2. Let a be z(-1). Suppose -5*r + 26 = -p + 110, -p = 3*r - a. Does 19 divide p?
False
Let q = 12 - 46. Let x = q - -47. Is 13 a factor of x?
True
Let t = -12 - -20. Does 2 divide t?
True
Let u be (6/12)/(1/28). Suppose 3*w + 5*t = 48, -3*t + 17 = 2*w - u. Is w a multiple of 10?
False
Let h(d) = 29*d - 7. Is h(4) a multiple of 9?
False
Let w be (22/5)/(3/870). Let n be (-2)/(-9) - w/(-9). Suppose -5*z + 28 + n = 0. Is 13 a factor of z?
False
Suppose -2*u = 5*s - 17, -s + u + 4 = 2*u. Suppose -5 = -2*h + s. Does 4 divide h?
True
Let j be 3*2/6 + -6. Let o = j - -1. Does 16 divide -40*(24/15)/o?
True
Let x(q) = 8*q + 2. Is x(1) a multiple of 4?
False
Let o(j) = j. Let b be o(3). Let s(z) = z + 1. Let w be s(b). Let t = w + 1. Does 5 divide t?
True
Let c(v) = -v**2 + 3*v**2 + 2*v**2 - 5*v + 8*v - 7*v**3. Is c(-2) a multiple of 10?
False
Let s be 2/(-9) + (-244)/36. Let b be (s + 1)*(-2)/6. Does 14 divide (2 + -1)*b + 17?
False
Let f = 16 + -4. Suppose -4*d - 4*b + f = 0, -4*d - b + 28 = 7. Is 2 a factor of d?
True
Let i = -4 + 4. Let z = 14 - i. Is 10 a factor of z?
False
Suppose -v - 2*a = 5, -2*a + 16 = -6*a. Let l(r) = 3*r**3 - 3*r**2 - 2*r. Let i be l(v). Suppose 0*y + i = 4*y - 2*z, 2*z = 3*y - 38. Does 10 divide y?
True
Let n(r) = r**3 - 8*r**2 + r - 11. Let f be n(8). Does 6 divide (-37)/(-3) + 1/f?
True
Let b(u) = -u**2 - 14*u - 16. Let s(h) = h - 28. Let j be s(16). Does 3 divide b(j)?
False
Let o(y) = 2*y + 4. Suppose 4*m - 2*m = 6. Suppose 4*a - 28 = -4*u, a = m*u - a - 6. Is 6 a factor of o(u)?
True
Let q(a) = -22*a**3 + a**2 - 6*a. Let d(l) = l**3 + l. Let y(u) = -u**2 + 5*u - 1. Let n be y(5). Let t(b) = n*q(b) - 5*d(b). Does 17 divide t(1)?
True
Is 13 a factor of (36/8 + 2)/((-3)/(-6))?
True
Does 23 divide ((-5)/(20/161))/((-4)/16)?
True
Is 15 a factor of (1/(-2))/((-3)/240)?
False
Let w(b) = -2 + 3*b + 1 - 1 - b**3 + 2*b**2. Let l be w(2). Suppose -l*d - p = -8 - 46, 74 = 5*d - 2*p. Does 7 divide d?
True
Is 2/((-3)/36*-1) a multiple of 16?
False
Suppose d = 4*d - 15. Suppose -5*w = -25, d*w + 0*w - 157 = -4*y. Is 11 a factor of y?
True
Let m be (-4)/(-8) + (-298)/(-4). Is m/10*(1 - -1) a multiple of 5?
True
Suppose 0 = 4*a - 1496. Does 29 divide a?
False
Suppose k - 3*k = -220. Suppose k = t + 4*t. Is t a multiple of 11?
True
Let n(x) = -3 + 3*x + 2 + 16*x**2 - 2*x. Is 8 a factor of n(1)?
True
Let v be -2 + -2 + 19 + 0. Suppose -3*s = 4*u - 36, -v - 45 = -5*s + 5*u. Is s a multiple of 6?
True
Suppose 2*z - 10 = -2*u, 10 = -5*z + 4*z + 2*u. Suppose 2*k + m - 7 = z, 4*m - 8 = -3*k + 5. Is 3 a factor of k?
True
Suppose 3*y - 3 = 2*y. Let b be -31*4*2/(-4). Is (b/(-4))/(y/(-6)) a multiple of 17?
False
Let b = 12 - 0. Is 18 a factor of -1*b*(-3 + 0)?
True
Let q = -18 - -20. Suppose y = 4*k - 47, -5*y + 25 = q*k - 4*y. Is 4 a factor of k?
True
Suppose 0*z = -2*z - 10. Let l(h) = 2*h**2 + 7*h + 4. Does 15 divide l(z)?
False
Let p(b) = 7*b**3 + 6*b**2 + 8*b. Let f(i) = i**3 - i**2 + i. Let d(h) = 6*f(h) - p(h). Is d(-12) a multiple of 5?
False
Is 9 a factor of (-14)/(-21) + (-104)/(-6)?
True
Let g(m) be the first derivative of m**4/4 - 4*m**3/3 - m**2 - 4*m - 4. Is 7 a factor of g(5)?
False
Let h = -311 - -701. Is 65 a factor of h?
True
Let n be 2/(-8) - 2/(-8). Suppose -30 = -n*x + 2*x. Let d = -11 - x. Does 4 divide d?
True
Suppose t = -5*j + 284, t - 4*t - j + 782 = 0. Is t a multiple of 37?
True
Let g = 55 + -45. Is g a multiple of 2?
True
Let y(x) = -x**2 + 8*x + 6. Suppose 3*o + i = 2*i - 68, 0 = 4*o + 2*i + 74. Let a be o*((-2)/6)/1. Does 6 divide y(a)?
False
Suppose 5*m = 2*m + 312. Does 26 divide m?
True
Is (6 + 2)/((-1)/(-2)) a multiple of 16?
True
Suppose -10*q + 540 = 2*q. Does 7 divide q?
False
Suppose -r + 39 = 2*n - 6*n, 0 = 3*r + n - 78. Suppose 0 = -3*j - 12 + r. Suppose p - 28 = 5*v + 6, -j*p - 4*v = -112. Is 8 a factor of p?
True
Suppose 8 + 0 = 2*o, -o = -4*v - 32. Let p = v - -6. Is 8 a factor of (52/8)/(p/(-2))?
False
Let x = -21 - -30. Let b = x - 25. Let s = 34 + b. Is s a multiple of 18?
True
Suppose -4*f = -9*u + 4*u + 179, 4*u - 144 = 3*f. Let t = u - 23. Does 16 divide t?
True
Does 26 divide (13/1)/(13/39)?
False
Let b(s) = -6*s - 3. Let i(r) = -5*r**2 - 2*r - 1. Let q be i(-1). Does 10 divide b(q)?
False
Let v(p) = p + 10. Let d(w) = -9. Let o(h) = 3*d(h) + 2*v(h). Let k be o(-7). Is 16/6 - 7/k even?
False
Suppose 0 = 2*o - 137 - 103. Is 15 a factor of o?
True
Let o = 426 + -296. Suppose -o = -s - 4*s. Does 18 divide s?
False
Suppose -22 = -0*x + 2*x. Does 11 divide (x/(-2))/(5/10)?
True
Let g be 2/(-4) - 94/(-4). Does 7 divide (-7)/(28/8) + g?
True
Let d(z) = -4*z**3 - 4*z**2 + 5*z**3 + 57*z - 55*z + 3. Suppose -20 = -2*a + 5*m, -2*a = -3*a - 4*m - 3. Does 14 divide d(a)?
False
Let q(t) = -2 - t**2 - 2*t + 8 - 6*t. Let w(o) = -o**3 - 6*o**2 - 3*o + 4. Let b be w(-5). Is 9 a factor of q(b)?
True
Suppose -2*l - 12 = -3*t, 2*t + 4 = 3*t + 2*l. Suppose q = 4, -348 = -t*h - q - q. Is h a multiple of 22?
False
Let t = -8 + 9. Let h = t - -5. Suppose -2*b + h*b = 260. Is b a multiple of 19?
False
Let s = -15 - -24. Suppose s = -5*q + 84. Is 4 a factor of q?
False
Suppose y + 12 = 5*y. Let j be (-21)/(-14)*16/y. Is 8 a factor of -1 + j - 1*-3?
False
Suppose 15*u - 306 = 12*u. Is 34 a factor of u?
True
Suppose -4*f - 3 = -5*v, f - 3*f + v = -3. Is 19 - 1 - 0/f a multiple of 18?
True
Let n = 37 - -19. Is n a multiple of 7?
True
Let f(c) = 5*c - 6. Let d be f(6). Let u = -2 + 2. Suppose -2*k - k + d = u. Is 8 a factor of k?
True
Let z(l) = -l**3 + 10*l**2 - 6*l - 4. Is 11 a factor of z(6)?
False
Let g be 16/96 - 334/(-12). Let q = g + -4. Is 8 a factor of q?
True
Let t(v) = -11*v**3 + 15*v**2 + 4*v + 26. Let i(h) = 4*h**3 - 5*h**2 - h - 9. Let c(f) = 8*i(f) + 3*t(f). Let x be c(6). Does 25 divide (2/x)/((-2)/156)?
False
Let q = -2 + 7. Let r(m) = -2*m + 2*m - 2*m + 4*m - 7 + q*m**2 - m**3. Does 2 divide r(5)?
False
Let v(d) = -2*d**3 - 4*d**2 - 9*d - 1. Let r(b) = b**3 - b**2 + b. Let l(q) = -3*r(q) - v(q). Is l(7) a multiple of 14?
False
Let b(y) = -1. Let m(w) = -w + 9. Let k(z) = 5